16927
List the prime factors of 348062494.
2, 13, 2887, 4637
What are the prime factors of 20748123?
3, 11, 69859
List the prime factors of 863627162.
2, 47, 9187523
What are the prime factors of 55493063?
157, 353459
List the prime factors of 71569488.
2, 3, 1491031
List the prime factors of 900543156.
2, 3, 1997, 37579
List the prime factors of 695859517.
2339, 297503
What are the prime factors of 1341064487?
7, 29, 4649
What are the prime factors of 35112751?
101, 347651
List the prime factors of 790127654.
2, 19, 191, 108863
What are the prime factors of 1089076?
2, 272269
What are the prime factors of 26666830?
2, 5, 2666683
List the prime factors of 460302002.
2, 8581, 26821
List the prime factors of 740666252.
2, 185166563
List the prime factors of 236925367.
7, 71, 293, 1627
What are the prime factors of 2459839177?
2459839177
What are the prime factors of 56020568?
2, 1319, 5309
List the prime factors of 67350169.
43, 1566283
What are the prime factors of 10484234?
2, 5242117
What are the prime factors of 751799898?
2, 3, 67, 623383
What are the prime factors of 813855559?
11, 6726079
What are the prime factors of 921011875?
5, 7, 131, 1607
List the prime factors of 281210.
2, 5, 61, 461
What are the prime factors of 203376848?
2, 17, 263, 2843
What are the prime factors of 634300829?
634300829
What are the prime factors of 3701897279?
3701897279
List the prime factors of 136826389.
7, 41, 113, 4219
List the prime factors of 415966432.
2, 7, 31, 37, 1619
List the prime factors of 293060859.
3, 7, 13, 227, 4729
List the prime factors of 998389858.
2, 59, 8460931
List the prime factors of 23232055.
5, 7, 11, 60343
What are the prime factors of 5339712556?
2, 157, 8502727
List the prime factors of 3073144406.
2, 1536572203
What are the prime factors of 1990180029?
3, 663393343
What are the prime factors of 293514163?
17, 2843, 6073
What are the prime factors of 210910188?
2, 3, 1579, 11131
List the prime factors of 68640536.
2, 1399, 6133
List the prime factors of 3590190226.
2, 7, 1493, 171763
List the prime factors of 59884345.
5, 47, 254827
List the prime factors of 853260601.
23, 179, 9011
List the prime factors of 32853779.
7, 449, 10453
What are the prime factors of 33504759?
3, 127, 3257
List the prime factors of 24787734.
2, 3, 17, 73, 3329
List the prime factors of 6148542092.
2, 7, 11, 61, 73, 4483
List the prime factors of 388477969.
11, 53, 89, 7487
What are the prime factors of 1165228805?
5, 13, 1378969
What are the prime factors of 707033953?
707033953
List the prime factors of 385564292.
2, 59, 1633747
What are the prime factors of 1195357723?
7, 170765389
What are the prime factors of 762756346?
2, 11, 433, 80071
What are the prime factors of 97521159?
3, 37, 59, 14891
List the prime factors of 401430184.
2, 1193, 42061
What are the prime factors of 217072834?
2, 11, 19, 631, 823
What are the prime factors of 257981136?
2, 3, 7, 79, 9719
List the prime factors of 962791477.
23, 41860499
List the prime factors of 411243986.
2, 205621993
What are the prime factors of 716157791?
716157791
List the prime factors of 616253898.
2, 3, 13, 31, 43, 5927
What are the prime factors of 382152604?
2, 29, 1217, 2707
List the prime factors of 113704735.
5, 211, 107777
List the prime factors of 508850566.
2, 7, 37, 982337
List the prime factors of 127675682.
2, 63837841
List the prime factors of 16466845.
5, 733, 4493
What are the prime factors of 235154851?
127, 683, 2711
List the prime factors of 77329555.
5, 15465911
List the prime factors of 443955658.
2, 221977829
What are the prime factors of 1078412158?
2, 2053, 262643
List the prime factors of 1573930002.
2, 3, 997, 263111
List the prime factors of 36125682.
2, 3, 6020947
List the prime factors of 1281116498.
2, 17, 37679897
What are the prime factors of 104716244?
2, 26179061
List the prime factors of 59691603.
3, 241, 82561
List the prime factors of 360929576.
2, 7, 53, 121607
What are the prime factors of 48526311?
3, 1153, 14029
What are the prime factors of 88185226?
2, 44092613
What are the prime factors of 1256361824?
2, 199, 197293
List the prime factors of 245876995.
5, 7, 13, 540389
What are the prime factors of 1013658515?
5, 202731703
What are the prime factors of 4575823087?
11, 29, 2551, 5623
List the prime factors of 2100234245.
5, 47, 8937167
What are the prime factors of 88129794?
2, 3, 47, 312517
What are the prime factors of 785437235?
5, 11, 23, 31, 20029
List the prime factors of 34139918.
2, 17069959
List the prime factors of 78297180.
2, 3, 5, 13, 37, 2713
List the prime factors of 42858429.
3, 14286143
What are the prime factors of 553310606?
2, 149, 1856747
What are the prime factors of 1659498385?
5, 331899677
List the prime factors of 942510599.
19, 47, 677, 1559
What are the prime factors of 37954396?
2, 541, 17539
What are the prime factors of 7244327?
1163, 6229
What are the prime factors of 39160074?
2, 3, 107, 181, 337
What are the prime factors of 30098581?
43, 699967
What are the prime factors of 80974737?
3, 977, 9209
List the prime factors of 183838968.
2, 3, 307, 8317
List the prime factors of 80414618.
2, 40207309
What are the prime factors of 243460792?
2, 4813, 6323
What are the prime factors of 150593745?
3, 5, 907, 11069
What are the prime factors of 2412381547?
2412381547
What are the prime factors of 428666951?
17, 29, 29983
What are the prime factors of 428846705?
5, 7, 12252763
What are the prime factors of 2137052485?
5, 29, 43, 53, 223
What are the prime factors of 581079725?
5, 1583, 14683
What are the prime factors of 88208930?
2, 5, 113, 251, 311
List the prime factors of 306665333.
13, 773, 30517
What are the prime factors of 5123699?
7, 731957
List the prime factors of 22853820.
2, 3, 5, 11, 31, 1117
What are the prime factors of 3533111197?
7, 11, 593, 77377
What are the prime factors of 1761639130?
2, 5, 61, 2887933
What are the prime factors of 342258681?
3, 114086227
List the prime factors of 449291764.
2, 112322941
What are the prime factors of 218779910?
2, 5, 23, 431, 2207
List the prime factors of 3182978351.
7, 31, 71, 206593
What are the prime factors of 35418851?
13, 209579
What are the prime factors of 751071376?
2, 11, 4267451
List the prime factors of 333080880.
2, 3, 5, 11, 71, 1777
What are the prime factors of 3049124773?
8663, 351971
What are the prime factors of 50400710?
2, 5, 5040071
What are the prime factors of 640018768?
2, 40001173
List the prime factors of 743425396.
2, 7, 163, 162889
What are the prime factors of 211457672?
2, 97, 269, 1013
List the prime factors of 3379588799.
3379588799
List the prime factors of 82999871.
82999871
List the prime factors of 93306101.
7, 23, 579541
List the prime factors of 440364584.
2, 11, 5004143
What are the prime factors of 268010449?
7, 2111, 2591
What are the prime factors of 42481045?
5, 17, 311, 1607
List the prime factors of 3255199450.
2, 5, 617, 105517
List the prime factors of 789236516.
2, 19, 10384691
What are the prime factors of 1985277820?
2, 5, 31, 409, 7829
What are the prime factors of 3240033951?
3, 7, 11, 71, 197551
What are the prime factors of 243294548?
2, 7, 17, 511123
List the prime factors of 46377474.
2, 3, 11, 13, 191, 283
List the prime factors of 155993698.
2, 7, 167, 66721
List the prime factors of 2031920768.
2, 15874381
List the prime factors of 1128963728.
2, 8179, 8627
What are the prime factors of 64669368?
2, 3, 47, 57331
What are the prime factors of 45374390?
2, 5, 31, 146369
What are the prime factors of 179460783?
3, 3739, 5333
List the prime factors of 40392580.
2, 5, 59, 34231
List the prime factors of 98931795.
3, 5, 6595453
List the prime factors of 143609055.
3, 5, 9573937
List the prime factors of 454056837.
3, 13, 41, 443, 641
What are the prime factors of 4692173?
4692173
List the prime factors of 315619473.
3, 13, 97, 83431
List the prime factors of 39679784.
2, 23, 379, 569
List the prime factors of 14638395.
3, 5, 173, 5641
What are the prime factors of 120888045?
3, 5, 421, 709
What are the prime factors of 2088197872?
2, 61, 229, 9343
What are the prime factors of 5057490?
2, 3, 5, 263, 641
What are the prime factors of 511556360?
2, 5, 7, 1826987
What are the prime factors of 95292702?
2, 3, 107, 49477
Wh